3*p**5/60 + p**4/24 + p**3/6 - 2*p**2 - 11. Let l be k(-2). What is the greatest common divisor of 11 and l?
11
Let p be (-3 - 1372/8)*10/(-5). Let n = p + 1. Calculate the highest common divisor of n and 14.
14
Let q be 1582/9 + ((-1274)/(-63) - 20). What is the greatest common divisor of q and 5632?
176
Let d = -4254 + 4404. Calculate the highest common divisor of d and 12900.
150
Suppose 40*n = 1627 - 427. Let f be (n/(-4))/15*-14. Calculate the highest common divisor of f and 259.
7
Let k(t) = 2*t - 4. Let j be k(3). Suppose 3*i - 503 = -5*o, -2*o = 2 + j. Let g = 191 - 77. Calculate the greatest common factor of g and i.
57
Let b be (46 + 14)/(-15) - -1*191. What is the highest common divisor of b and 143?
11
Let u = 504 - 490. Suppose 9*g - u*g = 3*p - 32, 8 = -2*g + 4*p. Calculate the highest common factor of 18 and g.
2
Suppose 0 = 4*a - 17 + 5. Suppose 3*t + t + 5*o - 20 = 0, a*t = 5*o - 20. Suppose t = 5*q - 0*q - 35. Calculate the greatest common factor of 63 and q.
7
Suppose 0 = 54*l - 13*l - 27*l - 644. Calculate the greatest common divisor of 1472 and l.
46
Let z(b) = -b**3 + 28*b**2 + b - 19. Let g be z(28). Calculate the greatest common divisor of 831 and g.
3
Let z = 0 + 10. Let r = 96 - 132. Let w = r - -106. Calculate the greatest common divisor of w and z.
10
Let g = 4470 - 3860. Calculate the greatest common factor of g and 549.
61
Suppose -213*p + 761 = -9676. What is the greatest common divisor of 3871 and p?
49
Let g = 15 - 83. Let s = g - -74. Suppose s*l - 174 = -0*l. Calculate the greatest common factor of l and 58.
29
Let c be -5*(-4)/5 - -680. Let v be 1/(-2) + (c/24 - -6). What is the highest common factor of v and 102?
34
Let p be (64/(-12))/1*(1 - -2). Let d be 4/7*(-56)/p. Suppose -16 = 5*n + 9, 5*n + 23 = -d*l. What is the greatest common factor of 8 and l?
1
Let c be (-440)/5060 + (-275312)/(-23). Calculate the highest common divisor of c and 210.
210
Let d(r) = -147 - 31*r + 10*r + 12*r. Let a be d(-20). What is the highest common divisor of 132 and a?
33
Let m be 23/(552/464) - (-4)/6. Calculate the highest common divisor of 44 and m.
4
Let j = -588 + 1156. Let a = j - 555. Calculate the greatest common factor of a and 1.
1
Let u(i) = -9*i**3 - 9*i**2 - 62*i + 72. Let m be u(-8). What is the greatest common factor of m and 30?
10
Let m(y) = -110*y**2 + 12*y + 4. Let f(l) = -108*l**2 + 11*l + 5. Let p(k) = -5*f(k) + 4*m(k). Let j be p(-2). Calculate the highest common factor of 90 and j.
45
Let n = 78 - -19. Suppose -19*y = 21 - n. Calculate the greatest common factor of 52 and y.
4
Suppose 122*h = 8*h - 64*h + 649700. Calculate the highest common divisor of 292 and h.
146
Let l be (0 - (-6 + -9)) + 205. What is the highest common factor of l and 5665?
55
Suppose 0 + 18 = 6*k. Suppose 0 - 42 = -k*q. Let d be (-2)/7 - (-5 + (-606)/q). What is the greatest common divisor of d and 12?
12
Let q be (10/8)/((-390)/(-1872)). Suppose q*i = -17*i + 1725. What is the greatest common divisor of 50 and i?
25
Suppose -23*u + 110134 + 567418 = 16302. What is the highest common factor of 230 and u?
230
Suppose 704 = 5*q - 4*d, -10*q + 14*d - 16*d = -1398. What is the highest common divisor of q and 84?
28
Let f(u) = 12 + 82 - 7*u + 23*u**2 - 15 + 2*u**3 - 3*u**3 + 83*u. Let y be f(26). Let p = 10 - 1. What is the greatest common divisor of y and p?
9
Suppose -3*s - 4*f - 17 - 11 = 0, 3*s + 3*f + 27 = 0. Let c be 40/s - (4 + -2 + -12). What is the greatest common factor of c and 125?
5
Let h = 806 - 759. Let k = -79 + 361. What is the highest common divisor of h and k?
47
Let d(a) = -11*a - 14. Let s be (-5 + 7 - 3)/(-1). Let w be (10 + -10 + s)/((-1)/12). Let z be d(w). What is the greatest common factor of 295 and z?
59
Suppose 2*v = -4*r + 458, -132 = -3*r + 5*v + 218. Calculate the greatest common divisor of 322 and r.
23
Let q = -19 - -21. Suppose 10 = -q*d + 7*d. Let h(a) = -a**3 + 2*a**2 + 3*a - 4. Let k be h(d). Calculate the highest common divisor of 3 and k.
1
Let p = -3580 - -3591. What is the highest common divisor of p and 15961?
11
Suppose -x + 314 = -4*p, -3*p = 5*x - 1056 - 491. What is the highest common divisor of 2201 and x?
31
Let f = 5 - 9. Let m be (8 - (-120)/(-16))*f/(-2). Let z be (64 - 2) + m + -4 - 3. What is the greatest common divisor of z and 56?
56
Suppose -7*s - 4*j = -2*s - 1622, 3*j + 294 = s. What is the highest common factor of 2809 and s?
53
Let w = -57 + 61. Suppose -p = -0*p - w*u + 34, -4*p = -3*u + 71. Let l = p - -42. Calculate the greatest common divisor of 42 and l.
14
Suppose -70 = 464*x - 466*x. What is the highest common divisor of x and 845?
5
Let u(z) = -33*z - 6. Let c be u(1). Let n be 16/104 - 4206/c. What is the greatest common divisor of n and 72?
36
Let u = 12 - 4. Let h(p) = 26 - 10 - u - 25 + 12*p. Let i be h(2). Calculate the greatest common divisor of 56 and i.
7
Suppose -51*o + 217 = -242. What is the highest common factor of o and 149?
1
Let t = -527 + 369. Let p = t - -161. Calculate the highest common factor of 12 and p.
3
Let y(k) be the third derivative of 5*k**4/12 - 6*k**3 - 53*k**2. Let g be y(8). Suppose -4 = -2*a + 62. Calculate the greatest common factor of a and g.
11
Let f(j) = -5*j - 4*j**3 + 3*j**3 - 11 + 39. Let l be f(0). Calculate the greatest common factor of 70 and l.
14
Suppose 0 = -18*n - 4283 + 27467. Let y be 282/5 + 2/(-5). Calculate the highest common factor of y and n.
56
Let o = 8724 - 6026. Calculate the highest common factor of 38 and o.
38
Let j = 259 + -104. Suppose -m = 5*p - j, 0 = -m + 6*m - 3*p - 747. Calculate the greatest common divisor of m and 6.
6
Let q be 18744/15 - 24/(-60). What is the highest common divisor of q and 100?
50
Let i(h) = 6779*h - 2844. Let c be i(4). What is the highest common divisor of 82 and c?
82
Let v(u) = 100*u - 1371. Let c be v(14). What is the highest common divisor of 4843 and c?
29
Let l be 12/((16/8)/(1 + 0)). Suppose -5*n + 30 = -0*n. What is the highest common factor of l and n?
6
Let p = -41185 + 41195. Suppose -2*j + 3*a + 612 = 0, j - 4*a - 347 = -31. What is the greatest common factor of j and p?
10
Let k(s) = s**3 + 44*s**2 - 446*s - 181. Let g be k(-52). What is the highest common factor of 5713 and g?
197
Let q be (-5 - -1) + (3 - -3). Suppose 4*n = -n + 20, -5*d + q*n + 412 = 0. Let z be (-1)/4 - (-113)/4. What is the greatest common factor of z and d?
28
Let j = -4503 - -5927. Calculate the highest common divisor of 80 and j.
16
Suppose 7*a - 207 = 4*a + 5*r, r - 317 = -5*a. Suppose -53*z - 44 = -a*z. Calculate the greatest common factor of z and 116.
4
Suppose 0 = 181*x - 46*x - 4320. What is the greatest common factor of x and 200?
8
Let f(r) = 2062*r + 2056*r - 71 - 4130*r. Let o be f(-13). Calculate the greatest common divisor of o and 68.
17
Let c be (-9025)/(-9) - (1843/171 + -11). What is the highest common factor of 59 and c?
59
Let r(t) = t**3 - 10*t**2 - 10*t + 3. Let x be r(11). Let b be 2/4 - (-1)/2. Suppose 4*s = b + 55. Calculate the greatest common divisor of s and x.
14
Let y = 433 + -419. Suppose 761 - 2651 = -y*g. What is the greatest common divisor of 5 and g?
5
Let i be (-35)/1*(-2)/(4 - 2). Calculate the greatest common divisor of i and 217.
7
Let s(v) = 2*v**3 - 16*v**2 + 8*v - 8. Let i be s(8). Let c(r) = 2*r**2 + 10. Let u be c(-11). Calculate the greatest common factor of u and i.
28
Suppose -v = 0, -5*n = -26*v + 29*v - 600. What is the greatest common divisor of n and 5080?
40
Let g be (2 - (-123)/6)*(-81 + 145). Calculate the greatest common divisor of g and 120.
120
Let q(d) = -d**3 + 10*d**2 + 250*d - 1259. Let z be q(5). What is the highest common factor of z and 261?
29
Let d(u) = -u**2 - 11*u - 10. Let l be d(-8). Let s be 259/l - (-2)/(-4). Suppose -5 + s = z. What is the highest common factor of z and 143?
13
Suppose -87*m + 3444 = 3045 - 18045. What is the highest common divisor of m and 5035?
53
Suppose -447 = 5*d + 4*c, 13*d - 3*c + 461 = 8*d. Let r = d - -110. Calculate the highest common factor of 551 and r.
19
Let a be 39/(-9) - 3294574/(-129). What is the greatest common factor of a and 5?
5
Let f be -3*(4 - 3) + (-1 - 178). Let j be 2/(-9) + f/(-9). Let w be -2 + 11 + (3 - 2). What is the greatest common factor of w and j?
10
Suppose -3*